4 = 0. Let h = -6 - o. List the prime factors of h.
2
Let o(w) = -w - 1. Let r(s) = -1. Let t(h) = -2*o(h) - 6*r(h). What are the prime factors of t(4)?
2
Let u = -24 + 70. What are the prime factors of u?
2, 23
List the prime factors of (2/(-3))/(8 + 3102/(-387)).
43
Suppose -4*q = -5*q + 51. Let k = 91 - q. Suppose 5*v = -d - 2*d + k, 0 = -3*v + 2*d + 43. What are the prime factors of v?
11
Suppose 2*p + 9 = -p. Suppose -5*u - 4*n - 20 = 0, -2*u + 5*u - 5*n = 25. What are the prime factors of (p - 3)/(u + -2)?
3
Let a = -6 + 2. Let s = 6 + a. Suppose -5*p + s*p = -24. What are the prime factors of p?
2
Let y be (-16)/(-5) - 4/20. Suppose 0 = -4*j - 0*j - 4. Let p = y + j. What are the prime factors of p?
2
Let f be (-4)/2*(-3)/(-2). Let b(d) = d**3 + 2*d**2 - 4*d - 1. List the prime factors of b(f).
2
Suppose 2*p + 8 = 0, -c + p - 4*p + 10 = 0. List the prime factors of c.
2, 11
Let y = 16 + 24. What are the prime factors of y?
2, 5
Let s be (-3)/(-2)*150/9. Let g = s + 27. What are the prime factors of g?
2, 13
Let d(t) = t**3 + 6*t**2 - 8*t - 8. Suppose 2*l = g + 5*l + 13, -4*g - 4*l = 36. Let n be d(g). List the prime factors of 11 - 1/(n/(-2)).
3
Suppose 9*f = 4*f + 260. What are the prime factors of f?
2, 13
Let w = 11 - 6. Let n(f) = 3*f - 7. Let k(i) = i - 3. Let g(c) = -9*k(c) + 4*n(c). What are the prime factors of g(w)?
2, 7
Let f(x) = x**3 + 3*x**2 - 3. Let k be f(-3). List the prime factors of 12*3*k/(-18).
2, 3
Suppose -4*q + 4*p - 1 = -249, -2*q + 89 = 5*p. What are the prime factors of q?
3, 19
Let a(b) = b**3 - b**2 - b + 6. What are the prime factors of a(0)?
2, 3
Let y(w) = -w**3 + w + 35. What are the prime factors of y(0)?
5, 7
Let f be (-3)/3 - -13 - 3. Suppose -16 = -5*h + f. Suppose -4*l - 14 = -h*l. List the prime factors of l.
2, 7
Let o(p) = 6*p**2 - 3*p + 3. Let j be o(2). Suppose -4*t + 7 + 9 = 0. Suppose -t*k - 5*v = 17, -2*k - 4*v - j = v. What are the prime factors of k?
2
What are the prime factors of (-4)/(-7 - -3) - -30?
31
Suppose 0 = -4*a + 5*r + 73, 2*r - r = -a + 16. Suppose 7 = -2*j - a. Let d = -1 - j. List the prime factors of d.
11
What are the prime factors of 69 + (-9)/(36/16)?
5, 13
Let z = 481 - 190. List the prime factors of z.
3, 97
Let v(r) = -3*r + 0*r + 4*r - 12 - 4*r. What are the prime factors of v(-12)?
2, 3
Suppose 15 = -5*s - 5*h, 3*s + 2*h + 10 = 5*s. What are the prime factors of 24 + -1 + (s - -2)?
2, 13
Suppose 5*j = -2 + 12. Suppose -k + 5*t + 20 = 0, 2*k + j*t - 77 = -k. What are the prime factors of k?
5
Suppose -7 + 1 = -2*c. Let y = c + -1. What are the prime factors of y?
2
Let c be 1/2 + 39/6. Let z = -2 + c. List the prime factors of z.
5
Suppose 0 = -4*i - 0*i + 8. Suppose i*m = -0*m + 60. Suppose p - 6*p + m = 0. What are the prime factors of p?
2, 3
Let a be -1*6/(-9)*120. Suppose 300 = 5*k + a. What are the prime factors of k?
2, 11
Let w(p) = 2*p**3 + 3*p**2 - 4*p. Let j be w(-3). What are the prime factors of (-3)/(-9) + (-370)/j?
5
Let w(r) = -r - 1. Let s(n) = 14*n**2 - 2*n - 1. Let x(c) = s(c) - 2*w(c). Let a be x(-1). Suppose j = k + a, -j + 23 = -3*k - 0. List the prime factors of j.
11
List the prime factors of -4 - (-3)/((-6)/(-38)).
3, 5
Let o = 112 + -60. What are the prime factors of o?
2, 13
Let f = -126 + 221. What are the prime factors of f?
5, 19
Suppose 2*v = -0*v. Suppose -15 = -v*y - 3*y. List the prime factors of y.
5
Let a(c) = -c + 1. Let f be a(-4). Suppose -f*d + 42 = 2. List the prime factors of d.
2
Let s(v) = -30*v + 28. What are the prime factors of s(-6)?
2, 13
Let h(x) = -12*x + 8. Let i(p) = -12*p + 8. Let u(k) = -5*h(k) + 4*i(k). What are the prime factors of u(3)?
2, 7
Let f = 0 + 2. Suppose 6*n - f*n = 12. Suppose 3*m + 3 = 4*m - 2*o, -3*o - n = -m. List the prime factors of m.
3
Suppose 5*p + 6 = 4*p. Let i(v) be the second derivative of -v**4/12 - 7*v**3/6 + 2*v**2 + 6*v. What are the prime factors of i(p)?
2, 5
Let i(o) = -o**2 - 19*o - 6. What are the prime factors of i(-17)?
2, 7
Let c = -33 + 69. List the prime factors of c.
2, 3
Let y be (-111)/(-21) - 2/7. Suppose -147 = -y*a - 4*d - 45, 0 = -a + d + 15. Suppose 3*g - 4*p - 17 = 0, -2*g = -4*g - 4*p + a. List the prime factors of g.
7
Let f(n) = -n**3 + n**2 - 3*n - 9. List the prime factors of f(-6).
3, 29
Let v be -1 - -3 - 0/4. Suppose -3*k - 4*r = -23, k + v*r - 6 - 3 = 0. List the prime factors of k.
5
Let f(s) = -s**2 - 9*s - 5. Let q be f(-8). Suppose 2*k = q*p + 43, -6*k + k - 5*p = -145. Let v = -18 + k. List the prime factors of v.
2
What are the prime factors of 58*((-1)/(-3)*3 + 0)?
2, 29
Let u(q) = -q**3 + 7*q**2 + 5*q + 19. What are the prime factors of u(6)?
5, 17
Let t be (-39)/(-6)*(1 - 5). Let o = -14 - t. What are the prime factors of o?
2, 3
Let z be 2 + (-2)/(1*-2). Suppose 0 = -z*m + 6 - 0. Suppose 2*u + 3 = -h - m*u, -27 = -4*h - 3*u. List the prime factors of h.
3
Let d(g) = -g**2 + 11*g - 7. Let b be 1 - 2 - (-6)/(-3). Let c(z) = -3*z - 1. Let t be c(b). What are the prime factors of d(t)?
17
Suppose -2*b = b + 3. Let j = b - -2. Let m(l) = 2*l**2 + 2*l - 1. What are the prime factors of m(j)?
3
List the prime factors of 2/12 - (-852)/72.
2, 3
Suppose -n + 65 = -6*n. Let t be n - (-3 + -1)/(-2). Let p = 21 + t. What are the prime factors of p?
2, 3
Let g be 2/6*-1*-9. Suppose 264 = 3*b + g*b. List the prime factors of b.
2, 11
Let a(u) = u + 1. Let i(g) = -g - 1. Let v(o) = -4*a(o) - 5*i(o). What are the prime factors of v(3)?
2
Suppose -5*i + 5*h = 0, 3*h - 4 = -4*i + 8*h. Let g be (-42)/(-9) - i/(-6). Suppose -g*u = -8*u + 52. What are the prime factors of u?
13
Let x be -1 + 3/(9/51). Let y = x + -10. List the prime factors of y.
2, 3
Let f(v) = 5*v**2 - 4. List the prime factors of f(4).
2, 19
Let j = -1 - -6. Suppose 4*h + 5*y - 125 = 4*y, -j*h - 2*y + 157 = 0. List the prime factors of h.
31
Suppose 0*w - 128 = -4*w. What are the prime factors of w?
2
Let r = -9 + 17. Suppose -n + r = 3*n. Suppose 2*w - n = 2. List the prime factors of w.
2
Let j(g) = 12*g - 20. List the prime factors of j(7).
2
Let t = 14 - 11. Suppose s = -3*d + 13, -2*s + t*d = -0*d - 8. List the prime factors of s.
7
Suppose 0 = 2*m + 4*x + 120, -2*x - 208 = 4*m + 8. Let v = -29 - m. List the prime factors of v.
23
Let h(u) = u**2 - u + 8. Let j be h(0). Suppose -16 = 4*q, p - 3*q = 9 + j. Suppose 2*k + r - 5*r = -12, p*r - 24 = -2*k. List the prime factors of k.
2
Suppose 4*f - 3*f = 9. List the prime factors of f.
3
Let u(x) = 1 + 5 + x - 5 + 5. List the prime factors of u(8).
2, 7
Let q(i) = -i**3 + 3*i**2 + i - 3. Let z be q(3). Suppose -2*p + z*p = -10. Suppose -p*h + 21 = -2*h. List the prime factors of h.
7
Let m(t) = 5 + t + 8 + 0*t. What are the prime factors of m(-9)?
2
Suppose -q + 7 = -0. Suppose -q = -j - 1. Let l = 3 + j. What are the prime factors of l?
3
Let y(m) = -8*m**2 - 2*m + 1. Let c be y(1). Let f be 1 + 2*c/6. List the prime factors of 3 - (0 - (f - -2)).
3
Let h(i) = 3*i. Let s be h(2). Suppose -4*v = 4*j - 16, -2*v = 5*j - s - 11. What are the prime factors of v + (2 + -4)*-5?
11
Let y = 9 + -6. Let q = y + 0. What are the prime factors of q?
3
Suppose 4*v - 52 + 16 = 0. Let a be (-2)/v - 235/(-45). Suppose u - a = 0, 5*g - 5 = -2*u + 6*u. What are the prime factors of g?
5
Suppose -20 = -2*t + 10. Suppose -3*j + 2*j = -t. What are the prime factors of j?
3, 5
Let b = -3 + 6. Let i be 2/(b/27 - 0). What are the prime factors of i/(-8)*16/(-6)?
2, 3
Suppose -4*t + 6*c = 10*c - 400, 0 = 2*t + c - 203. What are the prime factors of t?
103
Suppose n = -5*l + 5, 2*n + 2*n = -2*l + 20. Let x(s) = -2*s. Let v be x(-3). Let i = v + l. List the prime factors of i.
2, 3
Let y = 11 - 12. Let g = 7 - y. What are the prime factors of g?
2
Let j be (-4089)/15 - (-4)/(-10). What are the prime factors of (j/6)/7*-2?
13
Let f = -51 + 200. List the prime factors of f.
149
Let g(d) = 6*d**2 + d. Let z(i) = -i**3 - 5*i**2 - 4*i - 1. Let p be z(-4). List the prime factors of g(p).
5
Suppose 0*i = -i + 32. What are the prime factors of i?
2
Suppose -4*q - 74 = -2*a + 34, 4*a - 4*q = 232. What are the prime factors of a?
2, 31
Suppose 4*o - 4*n - 14 = 2, -o = -3*n. List the prime factors of o.
2, 3
What are the prime factors of 1/(-3)*-6 + 360?
2, 181
Let n(h) = 1. Let v